
False
Is 13368792691 composite?
False
Is 82172821 a prime number?
True
Is 533836757 prime?
True
Is 32600928797 a composite number?
False
Is 6158676871 a prime number?
False
Is 1404070333 composite?
True
Is 4437349993 a composite number?
False
Is 106640831 prime?
False
Is 13939525609 prime?
True
Is 28000649991 a prime number?
False
Is 4874345137 a composite number?
True
Is 768283189 a prime number?
False
Is 17060122783 prime?
False
Is 65263678757 a prime number?
False
Is 62622226967 prime?
False
Is 7899689381 prime?
True
Is 4669978499 prime?
True
Is 94948057 a composite number?
False
Is 1570163711 a prime number?
True
Is 8460945443 composite?
True
Is 293022391 composite?
False
Is 362807441 prime?
False
Is 44584201219 prime?
True
Is 49358295761 a prime number?
False
Is 17811830083 a prime number?
False
Is 2218882129 a prime number?
False
Is 1777019771 a prime number?
True
Is 178395641 prime?
False
Is 514480141 composite?
True
Is 1137740251 a prime number?
False
Is 5491969837 prime?
False
Is 162885403 composite?
True
Is 291052357 a composite number?
False
Is 707129141 a composite number?
True
Is 96241763 composite?
True
Is 741985627 prime?
True
Is 3227603833 a composite number?
True
Is 39423382153 composite?
False
Is 826811026 a composite number?
True
Is 4038651523 prime?
False
Is 3854476841 a prime number?
True
Is 290876197 a prime number?
False
Is 19328663453 a prime number?
False
Is 209975554 prime?
False
Is 183724464467 prime?
True
Is 141885857 a prime number?
True
Is 44834182823 a prime number?
True
Is 367989757 a composite number?
True
Is 146372341429 a composite number?
True
Is 80983639453 a prime number?
True
Is 10467384971 a composite number?
False
Is 969216713 composite?
True
Is 1783686007 composite?
True
Is 37821128353 composite?
False
Is 2193151423 composite?
False
Is 2262097147 composite?
False
Is 22787722246 a composite number?
True
Is 547856643 composite?
True
Is 2769232922 composite?
True
Is 38773176569 prime?
True
Is 8860921019 prime?
True
Is 6519829187 a prime number?
False
Is 3609941833 prime?
True
Is 19001522779 a prime number?
False
Is 579015761 a prime number?
True
Is 9191765155 a composite number?
True
Is 40641245893 a composite number?
True
Is 3045468209 composite?
True
Is 5128174823 a composite number?
True
Is 13570372391 prime?
True
Is 3181279081 prime?
True
Is 2765465503 composite?
False
Is 13495135361 a prime number?
True
Is 75627768133 prime?
True
Is 3204355691 a prime number?
True
Is 637305337 composite?
True
Is 6379476317 prime?
False
Is 17239398521 a composite number?
True
Is 3317251753 a prime number?
False
Is 8406356971 a composite number?
True
Is 89199378967 a composite number?
False
Is 284551903 composite?
True
Is 23430263 composite?
False
Is 1035462497 composite?
False
Is 5919393365 a prime number?
False
Is 49682464379 prime?
False
Is 19997198183 a prime number?
False
Is 16275484153 a composite number?
False
Is 2643717203 prime?
True
Is 5070161 prime?
False
Is 61995002567 a composite number?
False
Is 11162838061 prime?
False
Is 2542061233 a composite number?
True
Is 48455203 composite?
True
Is 17096861111 a composite number?
True
Is 185021917 composite?
True
Is 8047381229 prime?
False
Is 4618811993 a composite number?
False
Is 119395841 a prime number?
True
Is 413888303 prime?
False
Is 678293047 composite?
True
Is 3248397107 prime?
True
Is 1208627987 prime?
False
Is 31892624254 prime?
False
Is 191725744057 a prime number?
False
Is 2114053681 a prime number?
True
Is 2912915077 composite?
True
Is 361626697 a prime number?
True
Is 90060012431 prime?
True
Is 2642582101 prime?
False
Is 185890423 a prime number?
False
Is 164619934277 a composite number?
False
Is 2801373131 a composite number?
True
Is 7412481127 a composite number?
True
Is 146578171 a composite number?
False
Is 1058261203 a prime number?
False
Is 27852353717 a composite number?
True
Is 105636116489 composite?
False
Is 16508276833 prime?
False
Is 22308106187 prime?
False
Is 43304733947 prime?
False
Is 20457928853 prime?
False
Is 169855883 composite?
False
Is 6547333489 composite?
True
Is 78380920151 a composite number?
True
Is 9184460947 a prime number?
False
Is 1451965897 prime?
False
Is 360582559 prime?
False
Is 125746947307 prime?
True
Is 568585721 prime?
False
Is 22848261419 a composite number?
False
Is 9015820391 prime?
True
Is 2025261149 prime?
False
Is 26839029757 prime?
False
Is 89565656261 a prime number?
True
Is 38970283277 a composite number?
True
Is 39316553971 composite?
False
Is 5226408415 a prime number?
False
Is 76246199477 prime?
False
Is 507012503 a composite number?
True
Is 73036077011 prime?
False
Is 237441973099 a composite number?
False
Is 2967180133 composite?
False
Is 26576959 a composite number?
False
Is 67072055709 a prime number?
False
Is 5885419713 a composite number?
True
Is 52626702757 composite?
False
Is 37513147967 a prime number?
False
Is 2185364617 a composite number?
False
Is 1293566801 a prime number?
False
Is 7947250801 prime?
False
Is 11969243729 prime?
True
Is 5988695059 composite?
False
Is 8748290039 a composite number?
False
Is 1590217381 a prime number?
False
Is 4860295499 a prime number?
True
Is 54785234729 prime?
True
Is 7669865663 composite?
False
Is 913436531 a composite number?
True
Is 1066774679 composite?
False
Is 146215904641 prime?
True
Is 197587309 prime?
True
Is 6487895335 prime?
False
Is 2037201533 a composite number?
False
Is 20038188343 prime?
True
Is 6692879999 a prime number?
False
Is 3386839721 composite?
False
Is 322911629 composite?
True
Is 10620855599 composite?
True
Is 1252341089 a composite number?
False
Is 820203017 a composite number?
False
Is 1662669277 a prime number?
True
Is 55656838097 prime?
False
Is 58822502311 a prime number?
True
Is 1276051061 a composite number?
False
Is 2811394217 prime?
True
Is 59645359 a composite number?
True
Is 3006717973 a prime number?
False
Is 21786731609 a prime number?
True
Is 80346850079 prime?
True
Is 75453410867 prime?
True
Is 11004138967 composite?
False
Is 2329789621 a prime number?
True
Is 8082039809 prime?
True
Is 2940523111 a prime number?
False
Is 5111500573 composite?
True
Is 6753931333 a prime number?
True
Is 1564371553 a prime number?
False
Is 749259613 composite?
False
Is 39519751 a prime number?
True
Is 547913503 composite?
False
Is 2061355987 prime?
True
Is 2845450339 prime?
True
Is 12017993437 composite?
False
Is 19343582561 prime?
True
Is 2175976739 a prime number?
True
Is 1540124969 composite?
True
Is 2141813159 composite?
True
Is 65560045819 a prime number?
True
Is 456622549 prime?
True
Is 276473489 a composite number?
False
Is 5680402691 composite?
False
Is 10941552383 composite?
False
Is 1063038023 prime?
False
Is 38622371 a composite number?
False
Is 90973897 composite?
True
Is 1258294771 a prime number?
True
Is 11000816077 composite?
True
Is 22938130993 a composite number?
False
Is 7127812787 prime?
False
Is 10901033179 a composite number?
False
Is 1785163337 prime?
False
Is 61188951497 a composite number?
True
Is 26364424363 prime?
True
Is 54506678537 prime?
False
Is 210989147 prime?
True
Is 42542243 composite?
False
Is 1277150783 composite?
True
Is 1479137659 composite?
True
Is 1423276865 prime?
False
Is 50084026679 a composite number?
True
Is 1451506943 prime?
True
Is 766188089 composite?
False
Is 2262865541 composite?
False
Is 7604080553 prime?
True
Is 2264293991 a prime number?
True
Is 1960797491 composite?
False
Is 1568572237 a composite number?
False
Is 6624600077 a prime number?
True
Is 637535903 a composite number?
False
Is 7817507683 composite?
False
Is 332540062007 a prime number?
True
Is 558243743 composite?
True
Is 2573725051 a prime number?
False
Is 11851323881 a prime number?
True
Is 18708121681 composite?
False
Is 15846389083 a composite number?
True
Is 80481042967 prime?
False
Is 10095307303 prime?
False
Is 545959619 a prime number?
True
Is 3967794419 a composite number?
True
Is 15694597 a composite number?
True
Is 2213272021 prime?
True
Is 6914244209 a prime number?
True
Is 13752870221 a composite number?
True
Is 11685220991 a composite number?
False
Is 1470523349 prime?
True
Is 1391588947 prime?
False
Is 183473263 composite?
True
Is 154852913 a prime number?
True
Is 3095935117 composite?
True
Is 22610717